{"id":8,"date":"2020-01-15T21:03:30","date_gmt":"2020-01-15T21:03:30","guid":{"rendered":"http:\/\/wastlshausbraeu.de\/?page_id=8"},"modified":"2020-01-17T19:40:29","modified_gmt":"2020-01-17T18:40:29","slug":"ueber-mich","status":"publish","type":"page","link":"https:\/\/wastlshausbraeu.de\/?page_id=8","title":{"rendered":"\u00dcber mich"},"content":{"rendered":"\n<p>Mein Name ist eigentlich Sebastian, aber irgendwie hat sich schon in Kindergartenzeiten der Spitzname \u201cWastl\u201c eingeb\u00fcrgert, sodass mich mehr Leute unter dem Namen kennen, als unter meinem richtigen. Wastl ist die bayerische Kurzform f\u00fcr Sebastian (habe aber nicht viel mit Bayern zu tun, au\u00dfer dass ich mal in M\u00fcnchen ein Bier trinken war), jedoch werden dort eher Dackel so genannt als Menschen. Im Rheinland dagegen ist der Name sowohl f\u00fcr Menschen als auch f\u00fcr Hunde so selten, dass man bei Wastl zu 97% davon ausgehen kann, dass ich gemeint bin.<\/p>\n\n\n\n<figure class=\"wp-block-image size-large\"><img loading=\"lazy\" decoding=\"async\" width=\"1024\" height=\"850\" src=\"https:\/\/wastlshausbraeu.de\/wp-content\/uploads\/2020\/01\/20200117_163828-1024x850.jpg\" alt=\"\" class=\"wp-image-110\" srcset=\"https:\/\/wastlshausbraeu.de\/wp-content\/uploads\/2020\/01\/20200117_163828-1024x850.jpg 1024w, https:\/\/wastlshausbraeu.de\/wp-content\/uploads\/2020\/01\/20200117_163828-300x249.jpg 300w, https:\/\/wastlshausbraeu.de\/wp-content\/uploads\/2020\/01\/20200117_163828-768x637.jpg 768w, https:\/\/wastlshausbraeu.de\/wp-content\/uploads\/2020\/01\/20200117_163828-1536x1275.jpg 1536w, https:\/\/wastlshausbraeu.de\/wp-content\/uploads\/2020\/01\/20200117_163828-2048x1700.jpg 2048w, https:\/\/wastlshausbraeu.de\/wp-content\/uploads\/2020\/01\/20200117_163828-325x270.jpg 325w\" sizes=\"auto, (max-width: 1024px) 100vw, 1024px\" \/><figcaption>Ich beim Einmaischen<\/figcaption><\/figure>\n\n\n\n<p>Mit der Hobbybrauerei habe ich im Januar 2017 begonnen. Biere auch abseits von K\u00f6lsch, Pils und Weizen haben mich immer schon interessiert, insbesondere bei Urlauben in Holland und die sechs Monate in Franken w\u00e4hrend meiner Diplomarbeit. Jedoch ist mein Bewusstsein f\u00fcr Biervielfalt uns -stile erst so richtig nach einem Urlaub in Schottland (hatte da zuf\u00e4llig am ersten Abend ein Punk IPA vom Fass erwischt und sp\u00e4ter noch ein paar tolle Innis&amp;Gunn) und als das Craft Beer Corner Cologne (<a rel=\"noreferrer noopener\" aria-label=\" (\u00f6ffnet in neuem Tab)\" href=\"http:\/\/www.craftbeercorner.de\/\" target=\"_blank\">www.craftbeercorner.de<\/a>) in der K\u00f6lner Innenstadt er\u00f6ffnete, aufgekommen. Im Januar 2017 wurde dort von \u201cBrauwolf\u201c Christian (<a rel=\"noreferrer noopener\" aria-label=\"brauwolfsbierwelt.de (\u00f6ffnet in neuem Tab)\" href=\"https:\/\/brauwolfsbierwelt.de\/\" target=\"_blank\">brauwolfsbierwelt.de<\/a>) ein Braukurs angeboten, an dem ich dann mit einem Freund (Bernd) zusammen teilgenommen habe.<\/p>\n\n\n\n<figure class=\"wp-block-image size-large\"><img loading=\"lazy\" decoding=\"async\" width=\"1024\" height=\"576\" src=\"https:\/\/wastlshausbraeu.de\/wp-content\/uploads\/2020\/01\/20170121_144338-1024x576.jpg\" alt=\"\" class=\"wp-image-106\" srcset=\"https:\/\/wastlshausbraeu.de\/wp-content\/uploads\/2020\/01\/20170121_144338-1024x576.jpg 1024w, https:\/\/wastlshausbraeu.de\/wp-content\/uploads\/2020\/01\/20170121_144338-300x169.jpg 300w, https:\/\/wastlshausbraeu.de\/wp-content\/uploads\/2020\/01\/20170121_144338-768x432.jpg 768w, https:\/\/wastlshausbraeu.de\/wp-content\/uploads\/2020\/01\/20170121_144338-1536x864.jpg 1536w, https:\/\/wastlshausbraeu.de\/wp-content\/uploads\/2020\/01\/20170121_144338-2048x1152.jpg 2048w, https:\/\/wastlshausbraeu.de\/wp-content\/uploads\/2020\/01\/20170121_144338-480x270.jpg 480w\" sizes=\"auto, (max-width: 1024px) 100vw, 1024px\" \/><figcaption>Unser Braukurs im CCC<\/figcaption><\/figure>\n\n\n\n<p>Ein paar Wochen sp\u00e4ter hatte ich dann das erste Equipment und Zutaten f\u00fcr ein Wie\u00df und IPA zu Hause um selber loszulegen&#8230;<\/p>\n\n\n\n<figure class=\"wp-block-image size-large\"><img loading=\"lazy\" decoding=\"async\" width=\"1024\" height=\"576\" src=\"https:\/\/wastlshausbraeu.de\/wp-content\/uploads\/2020\/01\/20170124_131704-1024x576.jpg\" alt=\"\" class=\"wp-image-104\" srcset=\"https:\/\/wastlshausbraeu.de\/wp-content\/uploads\/2020\/01\/20170124_131704-1024x576.jpg 1024w, https:\/\/wastlshausbraeu.de\/wp-content\/uploads\/2020\/01\/20170124_131704-300x169.jpg 300w, https:\/\/wastlshausbraeu.de\/wp-content\/uploads\/2020\/01\/20170124_131704-768x432.jpg 768w, https:\/\/wastlshausbraeu.de\/wp-content\/uploads\/2020\/01\/20170124_131704-1536x864.jpg 1536w, https:\/\/wastlshausbraeu.de\/wp-content\/uploads\/2020\/01\/20170124_131704-2048x1152.jpg 2048w, https:\/\/wastlshausbraeu.de\/wp-content\/uploads\/2020\/01\/20170124_131704-480x270.jpg 480w\" sizes=\"auto, (max-width: 1024px) 100vw, 1024px\" \/><figcaption>Mein erstes Equipment<\/figcaption><\/figure>\n\n\n\n<p>Seither bin ich mit Einkocher in der 20-25 Liter Klasse unterwegs. Allerdings hat sich und tut sich immer noch einiges an meiner Ausr\u00fcstung&#8230; Aber wie in vielen Hobbys gibt&#8217;s auch hier kein wirkliches Limit f\u00fcr Investitionen und Erweiterungen. <\/p>\n\n\n\n<p>Seit Ende 2017 bin ich Mitglied der K\u00f6lner Bierhistoriker (<a rel=\"noreferrer noopener\" aria-label=\"koelnerbierhistoriker.org (\u00f6ffnet in neuem Tab)\" href=\"https:\/\/koelnerbierhistoriker.org\/\" target=\"_blank\">koelnerbierhistoriker.org<\/a>), einem tollen Haufen Hobbybrauer, mit dem wir uns mindestens einmal im Monat zum Stammtisch treffen.<\/p>\n\n\n\n<figure class=\"wp-block-image size-large\"><a href=\"https:\/\/koelnerbierhistoriker.org\/\" target=\"_blank\" rel=\"noreferrer noopener\"><img loading=\"lazy\" decoding=\"async\" width=\"1024\" height=\"971\" src=\"https:\/\/wastlshausbraeu.de\/wp-content\/uploads\/2020\/01\/kbh-logo-shirts-1024x971.png\" alt=\"\" class=\"wp-image-136\" srcset=\"https:\/\/wastlshausbraeu.de\/wp-content\/uploads\/2020\/01\/kbh-logo-shirts-1024x971.png 1024w, https:\/\/wastlshausbraeu.de\/wp-content\/uploads\/2020\/01\/kbh-logo-shirts-300x284.png 300w, https:\/\/wastlshausbraeu.de\/wp-content\/uploads\/2020\/01\/kbh-logo-shirts-768x728.png 768w, https:\/\/wastlshausbraeu.de\/wp-content\/uploads\/2020\/01\/kbh-logo-shirts-1536x1457.png 1536w, https:\/\/wastlshausbraeu.de\/wp-content\/uploads\/2020\/01\/kbh-logo-shirts-2048x1942.png 2048w, https:\/\/wastlshausbraeu.de\/wp-content\/uploads\/2020\/01\/kbh-logo-shirts-285x270.png 285w\" sizes=\"auto, (max-width: 1024px) 100vw, 1024px\" \/><\/a><\/figure>\n\n\n\n<p>Beruflich bin ich in der IT, wo man den ganzen Tag keine Langeweile hatte, aber trotzdem abends manchmal nicht so genau wei\u00df, was man gemacht hat und sich Projekte \u00fcber Monate ziehen. Daher ist Brauen ein sch\u00f6nes Hobby, da man nach sieben Stunden Brautag vor einem Eimer mit 25 Liter Jungbier steht und sagen kann: Das ist da jetzt raus gekommen und es ist fertig! Nat\u00fcrlich muss man paar Wochen sp\u00e4ter alles noch in Flaschen und F\u00e4sser abf\u00fcllen, aber ich denke die meisten verstehen, was ich meine.<\/p>\n","protected":false},"excerpt":{"rendered":"<p>Mein Name ist eigentlich Sebastian, aber irgendwie hat sich schon in Kindergartenzeiten der Spitzname \u201cWastl\u201c eingeb\u00fcrgert, sodass mich mehr Leute unter dem Namen kennen, als unter meinem richtigen. Wastl ist die bayerische Kurzform f\u00fcr Sebastian (habe aber nicht viel mit Bayern zu tun, au\u00dfer dass ich mal in M\u00fcnchen ein Bier trinken war), jedoch werden dort eher Dackel so genannt als Menschen. Im Rheinland dagegen ist der Name sowohl f\u00fcr Menschen als auch f\u00fcr Hunde so selten, dass man bei&#8230;<\/p>\n<p class=\"read-more\"><a class=\"btn btn-default\" href=\"https:\/\/wastlshausbraeu.de\/?page_id=8\">Weiterlesen<span class=\"screen-reader-text\"> Weiterlesen<\/span><\/a><\/p>\n","protected":false},"author":1,"featured_media":0,"parent":0,"menu_order":0,"comment_status":"closed","ping_status":"closed","template":"","meta":{"footnotes":""},"class_list":["post-8","page","type-page","status-publish","hentry"],"_links":{"self":[{"href":"https:\/\/wastlshausbraeu.de\/index.php?rest_route=\/wp\/v2\/pages\/8","targetHints":{"allow":["GET"]}}],"collection":[{"href":"https:\/\/wastlshausbraeu.de\/index.php?rest_route=\/wp\/v2\/pages"}],"about":[{"href":"https:\/\/wastlshausbraeu.de\/index.php?rest_route=\/wp\/v2\/types\/page"}],"author":[{"embeddable":true,"href":"https:\/\/wastlshausbraeu.de\/index.php?rest_route=\/wp\/v2\/users\/1"}],"replies":[{"embeddable":true,"href":"https:\/\/wastlshausbraeu.de\/index.php?rest_route=%2Fwp%2Fv2%2Fcomments&post=8"}],"version-history":[{"count":16,"href":"https:\/\/wastlshausbraeu.de\/index.php?rest_route=\/wp\/v2\/pages\/8\/revisions"}],"predecessor-version":[{"id":141,"href":"https:\/\/wastlshausbraeu.de\/index.php?rest_route=\/wp\/v2\/pages\/8\/revisions\/141"}],"wp:attachment":[{"href":"https:\/\/wastlshausbraeu.de\/index.php?rest_route=%2Fwp%2Fv2%2Fmedia&parent=8"}],"curies":[{"name":"wp","href":"https:\/\/api.w.org\/{rel}","templated":true}]}}

Über mich

<p>Mein Name ist eigentlich Sebastian, aber irgendwie hat sich schon in Kindergartenzeiten der Spitzname “Wastl“ eingebürgert, sodass mich mehr Leute unter dem Namen kennen, als unter meinem richtigen. Wastl ist die bayerische Kurzform für Sebastian (habe aber nicht viel mit Bayern zu tun, außer dass ich mal in München ein Bier trinken war), jedoch werden dort eher Dackel so genannt als Menschen. Im Rheinland dagegen ist der Name sowohl für Menschen als auch für Hunde so selten, dass man bei Wastl zu 97% davon ausgehen kann, dass ich gemeint bin.</p>



<figure class="wp-block-image size-large"><img loading="lazy" decoding="async" width="1024" height="850" src="https://wastlshausbraeu.de/wp-content/uploads/2020/01/20200117_163828-1024x850.jpg" alt="" class="wp-image-110" srcset="https://wastlshausbraeu.de/wp-content/uploads/2020/01/20200117_163828-1024x850.jpg 1024w, https://wastlshausbraeu.de/wp-content/uploads/2020/01/20200117_163828-300x249.jpg 300w, https://wastlshausbraeu.de/wp-content/uploads/2020/01/20200117_163828-768x637.jpg 768w, https://wastlshausbraeu.de/wp-content/uploads/2020/01/20200117_163828-1536x1275.jpg 1536w, https://wastlshausbraeu.de/wp-content/uploads/2020/01/20200117_163828-2048x1700.jpg 2048w, https://wastlshausbraeu.de/wp-content/uploads/2020/01/20200117_163828-325x270.jpg 325w" sizes="auto, (max-width: 1024px) 100vw, 1024px" /><figcaption>Ich beim Einmaischen</figcaption></figure>



<p>Mit der Hobbybrauerei habe ich im Januar 2017 begonnen. Biere auch abseits von Kölsch, Pils und Weizen haben mich immer schon interessiert, insbesondere bei Urlauben in Holland und die sechs Monate in Franken während meiner Diplomarbeit. Jedoch ist mein Bewusstsein für Biervielfalt uns -stile erst so richtig nach einem Urlaub in Schottland (hatte da zufällig am ersten Abend ein Punk IPA vom Fass erwischt und später noch ein paar tolle Innis&amp;Gunn) und als das Craft Beer Corner Cologne (<a rel="noreferrer noopener" aria-label=" (öffnet in neuem Tab)" href="http://www.craftbeercorner.de/" target="_blank">www.craftbeercorner.de</a>) in der Kölner Innenstadt eröffnete, aufgekommen. Im Januar 2017 wurde dort von “Brauwolf“ Christian (<a rel="noreferrer noopener" aria-label="brauwolfsbierwelt.de (öffnet in neuem Tab)" href="https://brauwolfsbierwelt.de/" target="_blank">brauwolfsbierwelt.de</a>) ein Braukurs angeboten, an dem ich dann mit einem Freund (Bernd) zusammen teilgenommen habe.</p>



<figure class="wp-block-image size-large"><img loading="lazy" decoding="async" width="1024" height="576" src="https://wastlshausbraeu.de/wp-content/uploads/2020/01/20170121_144338-1024x576.jpg" alt="" class="wp-image-106" srcset="https://wastlshausbraeu.de/wp-content/uploads/2020/01/20170121_144338-1024x576.jpg 1024w, https://wastlshausbraeu.de/wp-content/uploads/2020/01/20170121_144338-300x169.jpg 300w, https://wastlshausbraeu.de/wp-content/uploads/2020/01/20170121_144338-768x432.jpg 768w, https://wastlshausbraeu.de/wp-content/uploads/2020/01/20170121_144338-1536x864.jpg 1536w, https://wastlshausbraeu.de/wp-content/uploads/2020/01/20170121_144338-2048x1152.jpg 2048w, https://wastlshausbraeu.de/wp-content/uploads/2020/01/20170121_144338-480x270.jpg 480w" sizes="auto, (max-width: 1024px) 100vw, 1024px" /><figcaption>Unser Braukurs im CCC</figcaption></figure>



<p>Ein paar Wochen später hatte ich dann das erste Equipment und Zutaten für ein Wieß und IPA zu Hause um selber loszulegen&#8230;</p>



<figure class="wp-block-image size-large"><img loading="lazy" decoding="async" width="1024" height="576" src="https://wastlshausbraeu.de/wp-content/uploads/2020/01/20170124_131704-1024x576.jpg" alt="" class="wp-image-104" srcset="https://wastlshausbraeu.de/wp-content/uploads/2020/01/20170124_131704-1024x576.jpg 1024w, https://wastlshausbraeu.de/wp-content/uploads/2020/01/20170124_131704-300x169.jpg 300w, https://wastlshausbraeu.de/wp-content/uploads/2020/01/20170124_131704-768x432.jpg 768w, https://wastlshausbraeu.de/wp-content/uploads/2020/01/20170124_131704-1536x864.jpg 1536w, https://wastlshausbraeu.de/wp-content/uploads/2020/01/20170124_131704-2048x1152.jpg 2048w, https://wastlshausbraeu.de/wp-content/uploads/2020/01/20170124_131704-480x270.jpg 480w" sizes="auto, (max-width: 1024px) 100vw, 1024px" /><figcaption>Mein erstes Equipment</figcaption></figure>



<p>Seither bin ich mit Einkocher in der 20-25 Liter Klasse unterwegs. Allerdings hat sich und tut sich immer noch einiges an meiner Ausrüstung&#8230; Aber wie in vielen Hobbys gibt&#8217;s auch hier kein wirkliches Limit für Investitionen und Erweiterungen. </p>



<p>Seit Ende 2017 bin ich Mitglied der Kölner Bierhistoriker (<a rel="noreferrer noopener" aria-label="koelnerbierhistoriker.org (öffnet in neuem Tab)" href="https://koelnerbierhistoriker.org/" target="_blank">koelnerbierhistoriker.org</a>), einem tollen Haufen Hobbybrauer, mit dem wir uns mindestens einmal im Monat zum Stammtisch treffen.</p>



<figure class="wp-block-image size-large"><a href="https://koelnerbierhistoriker.org/" target="_blank" rel="noreferrer noopener"><img loading="lazy" decoding="async" width="1024" height="971" src="https://wastlshausbraeu.de/wp-content/uploads/2020/01/kbh-logo-shirts-1024x971.png" alt="" class="wp-image-136" srcset="https://wastlshausbraeu.de/wp-content/uploads/2020/01/kbh-logo-shirts-1024x971.png 1024w, https://wastlshausbraeu.de/wp-content/uploads/2020/01/kbh-logo-shirts-300x284.png 300w, https://wastlshausbraeu.de/wp-content/uploads/2020/01/kbh-logo-shirts-768x728.png 768w, https://wastlshausbraeu.de/wp-content/uploads/2020/01/kbh-logo-shirts-1536x1457.png 1536w, https://wastlshausbraeu.de/wp-content/uploads/2020/01/kbh-logo-shirts-2048x1942.png 2048w, https://wastlshausbraeu.de/wp-content/uploads/2020/01/kbh-logo-shirts-285x270.png 285w" sizes="auto, (max-width: 1024px) 100vw, 1024px" /></a></figure>



<p>Beruflich bin ich in der IT, wo man den ganzen Tag keine Langeweile hatte, aber trotzdem abends manchmal nicht so genau weiß, was man gemacht hat und sich Projekte über Monate ziehen. Daher ist Brauen ein schönes Hobby, da man nach sieben Stunden Brautag vor einem Eimer mit 25 Liter Jungbier steht und sagen kann: Das ist da jetzt raus gekommen und es ist fertig! Natürlich muss man paar Wochen später alles noch in Flaschen und Fässer abfüllen, aber ich denke die meisten verstehen, was ich meine.</p>

<p>Mein Name ist eigentlich Sebastian, aber irgendwie hat sich schon in Kindergartenzeiten der Spitzname “Wastl“ eingebürgert, sodass mich mehr Leute unter dem Namen kennen, als unter meinem richtigen. Wastl ist die bayerische Kurzform für Sebastian (habe aber nicht viel mit Bayern zu tun, außer dass ich mal in München ein Bier trinken war), jedoch werden dort eher Dackel so genannt als Menschen. Im Rheinland dagegen ist der Name sowohl für Menschen als auch für Hunde so selten, dass man bei&#8230;</p>
<p class="read-more"><a class="btn btn-default" href="https://wastlshausbraeu.de/?page_id=8">Weiterlesen<span class="screen-reader-text"> Weiterlesen</span></a></p>
