{"id":114,"date":"2020-01-17T17:11:34","date_gmt":"2020-01-17T16:11:34","guid":{"rendered":"http:\/\/wastlshausbraeu.de\/?page_id=114"},"modified":"2020-01-17T18:00:39","modified_gmt":"2020-01-17T17:00:39","slug":"zoll","status":"publish","type":"page","link":"https:\/\/wastlshausbraeu.de\/?page_id=114","title":{"rendered":"Zoll"},"content":{"rendered":"\n<p>Nat\u00fcrlich wei\u00df der Zoll \u00fcber mein Hobby Bescheid. Hobbybrauer m\u00fcssen ihre T\u00e4tigkeit beim zust\u00e4ndigen Hauptzollamt anzeigen und alles Bier, was 200 Liter Eigenbedarf \u00fcbersteigt oder au\u00dfer Haus auf einer Veranstaltung wie z.B einem Wettbewerb ausgeschenkt wird, versteuern.<\/p>\n\n\n\n<p>Es gibt immer wieder Hobbybrauerkollegen, die von Stress mit ihrem HZA berichten. Mein Kontakt zu den zust\u00e4ndigen Beamten beim HZA K\u00f6ln war aber bisher durchweg freundlich. Man muss sich aber mal vor Augen halten, was meine paar Euro f\u00fcr einen Verwaltungsaufwand erzeugen. In den meisten umliegenden europ\u00e4ischen L\u00e4ndern ist die private Herstellung von Bier steuerfrei. W\u00e4r auch hier an der Zeit das mal umzusetzen, zumal es eine EU Empfehlung dazu gibt.<\/p>\n\n\n\n<figure class=\"wp-block-image size-large\"><img loading=\"lazy\" decoding=\"async\" width=\"741\" height=\"1024\" src=\"https:\/\/wastlshausbraeu.de\/wp-content\/uploads\/2020\/01\/20200117_170527-741x1024.jpg\" alt=\"\" class=\"wp-image-115\" srcset=\"https:\/\/wastlshausbraeu.de\/wp-content\/uploads\/2020\/01\/20200117_170527-741x1024.jpg 741w, https:\/\/wastlshausbraeu.de\/wp-content\/uploads\/2020\/01\/20200117_170527-217x300.jpg 217w, https:\/\/wastlshausbraeu.de\/wp-content\/uploads\/2020\/01\/20200117_170527-768x1062.jpg 768w, https:\/\/wastlshausbraeu.de\/wp-content\/uploads\/2020\/01\/20200117_170527-1111x1536.jpg 1111w, https:\/\/wastlshausbraeu.de\/wp-content\/uploads\/2020\/01\/20200117_170527-1481x2048.jpg 1481w, https:\/\/wastlshausbraeu.de\/wp-content\/uploads\/2020\/01\/20200117_170527-195x270.jpg 195w, https:\/\/wastlshausbraeu.de\/wp-content\/uploads\/2020\/01\/20200117_170527-scaled.jpg 1851w\" sizes=\"auto, (max-width: 741px) 100vw, 741px\" \/><figcaption>Meine Biersteueranmeldung f\u00fcr Stralsund 2019<\/figcaption><\/figure>\n\n\n\n<figure class=\"wp-block-image size-large\"><img loading=\"lazy\" decoding=\"async\" width=\"969\" height=\"1024\" src=\"https:\/\/wastlshausbraeu.de\/wp-content\/uploads\/2020\/01\/20200117_144258-969x1024.jpg\" alt=\"\" class=\"wp-image-116\" srcset=\"https:\/\/wastlshausbraeu.de\/wp-content\/uploads\/2020\/01\/20200117_144258-969x1024.jpg 969w, https:\/\/wastlshausbraeu.de\/wp-content\/uploads\/2020\/01\/20200117_144258-284x300.jpg 284w, https:\/\/wastlshausbraeu.de\/wp-content\/uploads\/2020\/01\/20200117_144258-768x812.jpg 768w, https:\/\/wastlshausbraeu.de\/wp-content\/uploads\/2020\/01\/20200117_144258-1453x1536.jpg 1453w, https:\/\/wastlshausbraeu.de\/wp-content\/uploads\/2020\/01\/20200117_144258-1938x2048.jpg 1938w, https:\/\/wastlshausbraeu.de\/wp-content\/uploads\/2020\/01\/20200117_144258-255x270.jpg 255w\" sizes=\"auto, (max-width: 969px) 100vw, 969px\" \/><figcaption>Meine erste Meldung f\u00fcr mein damals neues Hobby<\/figcaption><\/figure>\n","protected":false},"excerpt":{"rendered":"<p>Nat\u00fcrlich wei\u00df der Zoll \u00fcber mein Hobby Bescheid. Hobbybrauer m\u00fcssen ihre T\u00e4tigkeit beim zust\u00e4ndigen Hauptzollamt anzeigen und alles Bier, was 200 Liter Eigenbedarf \u00fcbersteigt oder au\u00dfer Haus auf einer Veranstaltung wie z.B einem Wettbewerb ausgeschenkt wird, versteuern. Es gibt immer wieder Hobbybrauerkollegen, die von Stress mit ihrem HZA berichten. Mein Kontakt zu den zust\u00e4ndigen Beamten beim HZA K\u00f6ln war aber bisher durchweg freundlich. Man muss sich aber mal vor Augen halten, was meine paar Euro f\u00fcr einen Verwaltungsaufwand erzeugen. In&#8230;<\/p>\n<p class=\"read-more\"><a class=\"btn btn-default\" href=\"https:\/\/wastlshausbraeu.de\/?page_id=114\">Weiterlesen<span class=\"screen-reader-text\"> Weiterlesen<\/span><\/a><\/p>\n","protected":false},"author":1,"featured_media":0,"parent":0,"menu_order":0,"comment_status":"closed","ping_status":"closed","template":"","meta":{"footnotes":""},"class_list":["post-114","page","type-page","status-publish","hentry"],"_links":{"self":[{"href":"https:\/\/wastlshausbraeu.de\/index.php?rest_route=\/wp\/v2\/pages\/114","targetHints":{"allow":["GET"]}}],"collection":[{"href":"https:\/\/wastlshausbraeu.de\/index.php?rest_route=\/wp\/v2\/pages"}],"about":[{"href":"https:\/\/wastlshausbraeu.de\/index.php?rest_route=\/wp\/v2\/types\/page"}],"author":[{"embeddable":true,"href":"https:\/\/wastlshausbraeu.de\/index.php?rest_route=\/wp\/v2\/users\/1"}],"replies":[{"embeddable":true,"href":"https:\/\/wastlshausbraeu.de\/index.php?rest_route=%2Fwp%2Fv2%2Fcomments&post=114"}],"version-history":[{"count":3,"href":"https:\/\/wastlshausbraeu.de\/index.php?rest_route=\/wp\/v2\/pages\/114\/revisions"}],"predecessor-version":[{"id":122,"href":"https:\/\/wastlshausbraeu.de\/index.php?rest_route=\/wp\/v2\/pages\/114\/revisions\/122"}],"wp:attachment":[{"href":"https:\/\/wastlshausbraeu.de\/index.php?rest_route=%2Fwp%2Fv2%2Fmedia&parent=114"}],"curies":[{"name":"wp","href":"https:\/\/api.w.org\/{rel}","templated":true}]}}